{"id":16,"date":"2025-10-24T01:44:10","date_gmt":"2025-10-24T01:44:10","guid":{"rendered":"http:\/\/dattiecphuongnam.com\/?page_id=16"},"modified":"2025-10-24T01:44:10","modified_gmt":"2025-10-24T01:44:10","slug":"gioi-thieu","status":"publish","type":"page","link":"https:\/\/dattiecphuongnam.com\/index.php\/gioi-thieu\/","title":{"rendered":"Gi\u1edbi thi\u1ec7u"},"content":{"rendered":"\n<p><strong>D\u1ecbch v\u1ee5 n\u1ea5u ti\u1ec7c l\u01b0u \u0111\u1ed9ng \u2013 Ti\u1ec7n l\u1ee3i, chuy\u00ean nghi\u1ec7p, tr\u1ecdn g\u00f3i t\u1ea1i nh\u00e0!<\/strong><\/p>\n\n\n\n<p>B\u1ea1n \u0111ang l\u00ean k\u1ebf ho\u1ea1ch t\u1ed5 ch\u1ee9c ti\u1ec7c nh\u01b0ng ng\u1ea1i vi\u1ec7c n\u1ea5u n\u01b0\u1edbng, d\u1ecdn d\u1eb9p hay di chuy\u1ec3n \u0111\u1ebfn nh\u00e0 h\u00e0ng? D\u1ecbch v\u1ee5 <strong>N\u1ea5u Ti\u1ec7c Ph\u01b0\u01a1ng Nam<\/strong> ch\u00ednh l\u00e0 l\u1ef1a ch\u1ecdn ho\u00e0n h\u1ea3o d\u00e0nh cho b\u1ea1n! Ch\u00fang t\u00f4i mang \u0111\u1ebfn <strong>gi\u1ea3i ph\u00e1p t\u1ed5 ch\u1ee9c ti\u1ec7c tr\u1ecdn g\u00f3i t\u1ea1i nh\u00e0, c\u01a1 quan ho\u1eb7c b\u1ea5t k\u1ef3 \u0111\u1ecba \u0111i\u1ec3m n\u00e0o<\/strong> m\u00e0 b\u1ea1n mong mu\u1ed1n.<\/p>\n\n\n\n<p>V\u1edbi \u0111\u1ed9i ng\u0169 \u0111\u1ea7u b\u1ebfp nhi\u1ec1u n\u0103m kinh nghi\u1ec7m c\u00f9ng h\u1ec7 th\u1ed1ng b\u1ebfp l\u01b0u \u0111\u1ed9ng hi\u1ec7n \u0111\u1ea1i, ch\u00fang t\u00f4i ph\u1ee5c v\u1ee5 \u0111a d\u1ea1ng lo\u1ea1i h\u00ecnh ti\u1ec7c: <strong>ti\u1ec7c c\u01b0\u1edbi, sinh nh\u1eadt, th\u00f4i n\u00f4i, gi\u1ed7 ch\u1ea1p, li\u00ean hoan, t\u1ea5t ni\u00ean, khai tr\u01b0\u01a1ng<\/strong>&#8230; Th\u1ef1c \u0111\u01a1n phong ph\u00fa t\u1eeb m\u00f3n \u00c1 \u2013 \u00c2u \u0111\u1ebfn m\u00f3n chay, m\u00f3n qu\u00ea, \u0111\u1ea3m b\u1ea3o <strong>t\u01b0\u01a1i ngon \u2013 h\u1ea5p d\u1eabn \u2013 h\u1ee3p kh\u1ea9u v\u1ecb<\/strong>.<\/p>\n\n\n\n<p>Ch\u1ec9 c\u1ea7n b\u1ea1n ch\u1ecdn ng\u00e0y, ch\u00fang t\u00f4i lo t\u1eeb <strong>nguy\u00ean li\u1ec7u, n\u1ea5u n\u01b0\u1edbng, ph\u1ee5c v\u1ee5 \u0111\u1ebfn d\u1ecdn d\u1eb9p sau ti\u1ec7c<\/strong>. D\u1ecbch v\u1ee5 n\u1ea5u ti\u1ec7c l\u01b0u \u0111\u1ed9ng gi\u00fap b\u1ea1n <strong>ti\u1ebft ki\u1ec7m th\u1eddi gian, chi ph\u00ed<\/strong>, m\u00e0 v\u1eabn c\u00f3 m\u1ed9t bu\u1ed5i ti\u1ec7c <strong>\u1ea5m c\u00fang, sang tr\u1ecdng v\u00e0 tr\u1ecdn v\u1eb9n<\/strong> ngay t\u1ea1i kh\u00f4ng gian quen thu\u1ed9c c\u1ee7a m\u00ecnh.<\/p>\n","protected":false},"excerpt":{"rendered":"<p>D\u1ecbch v\u1ee5 n\u1ea5u ti\u1ec7c l\u01b0u \u0111\u1ed9ng \u2013 Ti\u1ec7n l\u1ee3i, chuy\u00ean nghi\u1ec7p, tr\u1ecdn g\u00f3i t\u1ea1i nh\u00e0! B\u1ea1n \u0111ang l\u00ean k\u1ebf ho\u1ea1ch t\u1ed5 ch\u1ee9c ti\u1ec7c nh\u01b0ng ng\u1ea1i &hellip; <\/p>\n","protected":false},"author":1,"featured_media":0,"parent":0,"menu_order":0,"comment_status":"closed","ping_status":"closed","template":"","meta":{"footnotes":""},"class_list":["post-16","page","type-page","status-publish","hentry"],"_links":{"self":[{"href":"https:\/\/dattiecphuongnam.com\/index.php\/wp-json\/wp\/v2\/pages\/16","targetHints":{"allow":["GET"]}}],"collection":[{"href":"https:\/\/dattiecphuongnam.com\/index.php\/wp-json\/wp\/v2\/pages"}],"about":[{"href":"https:\/\/dattiecphuongnam.com\/index.php\/wp-json\/wp\/v2\/types\/page"}],"author":[{"embeddable":true,"href":"https:\/\/dattiecphuongnam.com\/index.php\/wp-json\/wp\/v2\/users\/1"}],"replies":[{"embeddable":true,"href":"https:\/\/dattiecphuongnam.com\/index.php\/wp-json\/wp\/v2\/comments?post=16"}],"version-history":[{"count":1,"href":"https:\/\/dattiecphuongnam.com\/index.php\/wp-json\/wp\/v2\/pages\/16\/revisions"}],"predecessor-version":[{"id":17,"href":"https:\/\/dattiecphuongnam.com\/index.php\/wp-json\/wp\/v2\/pages\/16\/revisions\/17"}],"wp:attachment":[{"href":"https:\/\/dattiecphuongnam.com\/index.php\/wp-json\/wp\/v2\/media?parent=16"}],"curies":[{"name":"wp","href":"https:\/\/api.w.org\/{rel}","templated":true}]}}